011011000 (base 2) to base 15
-2e2e
44302 (base 5) to base 9
4188
Convert f8 (base 16) to base 12.
188
Convert 1382 (base 15) to base 16.
104c
Convert 4104 (base 10) to base 16.
1008
21012 (base 3) to base 15
ce
-1993 (base 11) to base 6
-15402
Convert 341a (base 14) to base 10.
9040
What is -a2b2 (base 13) in base 11?
-15962
Convert 1211000 (base 3) to base 2.
10100101011
1001111101100 (base 2) to base 15
17a0
100011011001010 (base 2) to base 12
a5a2
What is -1015 (base 12) in base 7?
-5042
Convert 30002 (base 7) to base 4.
1300211
What is 8045 (base 9) in base 2?
1011011110001
What is -10110001000100 (base 2) in base 10?
-11332
Convert -25d (base 16) to base 4.
-21131
-500 (base 13) to base 11
-6a9
What is 318 (base 12) in base 8?
704
What is bb5 (base 14) in base 15?
a45
What is 793 (base 11) in base 3?
1022011
What is -13248 (base 14) in base 4?
-23200000
-46 (base 14) to base 3
-2022
623 (base 10) to base 12
43b
Convert -36234 (base 8) to base 14.
-5924
101102222 (base 4) to base 9
117135
Convert -177 (base 14) to base 3.
-102011
What is 1860 (base 11) in base 3?
10020121
What is 629 (base 11) in base 7?
2131
Convert -5110 (base 6) to base 4.
-101202
Convert -541131 (base 6) to base 9.
-66731
Convert -6533 (base 9) to base 15.
-1659
Convert 1201212 (base 3) to base 8.
2361
What is 16116 (base 7) in base 6?
32533
a21b (base 12) to base 10
17591
10331 (base 5) to base 2
1011001100
What is -1aa (base 15) in base 10?
-385
2c8 (base 13) to base 4
13312
What is -85 (base 16) in base 10?
-133
-428 (base 9) to base 2
-101011110
-20020 (base 4) to base 7
-1342
What is -30113 (base 9) in base 10?
-19776
-1243 (base 14) to base 11
-2445
Convert -4633 (base 10) to base 14.
-198d
What is -678 (base 10) in base 13?
-402
-23502 (base 10) to base 7
-125343
What is -5a27 (base 12) in base 10?
-10111
-1111110011 (base 2) to base 12
-703
Convert -12221211 (base 3) to base 7.
-15442
Convert -223000 (base 4) to base 11.
-2082
Convert -101201002 (base 3) to base 4.
-1321331
What is 110112 (base 3) in base 4?
11102
-94 (base 15) to base 14
-9d
Convert -93b (base 16) to base 5.
-33423
What is -8821 (base 9) in base 12?
-3917
201525 (base 7) to base 8
102655
Convert -511 (base 8) to base 15.
-16e
Convert -1738 (base 13) to base 5.
-102202
-1110 (base 5) to base 13
-bc
Convert -330020 (base 4) to base 12.
-2288
Convert -1000210110 (base 3) to base 15.
-600c
What is -1234 (base 5) in base 2?
-11000010
-11110010110 (base 2) to base 9
-2587
Convert 320 (base 12) to base 14.
248
Convert 8564 (base 16) to base 7.
201362
Convert 13041 (base 5) to base 13.
607
111321 (base 8) to base 2
1001001011010001
Convert -301550 (base 7) to base 14.
-14860
721 (base 8) to base 3
122020
Convert -3123 (base 4) to base 3.
-22010
Convert -221553 (base 6) to base 8.
-44215
Convert -1365 (base 8) to base 5.
-11012
What is 11a57 (base 14) in base 5?
2340242
-1128 (base 12) to base 2
-11101110000
What is 14702 (base 8) in base 2?
1100111000010
Convert a196 (base 13) to base 14.
8182
What is 12011 (base 3) in base 12?
b7
What is 845 (base 11) in base 13?
603
Convert -102 (base 15) to base 6.
-1015
What is -1005 (base 9) in base 4?
-23132
Convert 5325 (base 6) to base 7.
3341
-1301 (base 12) to base 7
-6205
Convert 55749 (base 10) to base 9.
84423
What is 121201220 (base 3) in base 11?
9192
-1130203 (base 4) to base 10
-5923
Convert 1313043 (base 6) to base 14.
1c319
-3a0 (base 16) to base 11
-774
-1352 (base 12) to base 7
-6323
Convert 512 (base 12) to base 11.
608
-2110102021 (base 3) to base 10
-48418
-5a4 (base 13) to base 8
-1723
Convert -531 (base 11) to base 14.
-339
What is -33021032 (base 4) in base 13?
-22307
1210102 (base 5) to base 4
11133333
What is 1607 (base 9) in base 7?
3364
What is 1001001 (base 3) in base 9?
1031
-43333 (base 6) to base 16
-1749
What is 10111 (base 14) in base 2?
1001011011100011
What is -1b7 (base 14) in base 6?
-1353
-2130 (base 10) to base 7
-6132
What is 523 (base 7) in base 3?
100201
What is -12120120 (base 3) in base 10?
-4065
Convert -32012 (base 4) to base 2.
-1110000110
What is 113020 (base 6) in base 12?
5770
What is -134e (base 16) in base 12?
-2a3a
-10120210 (base 3) to base 9
-3523
222332 (base 4) to base 15
c35
-2230302 (base 4) to base 7
-44145
What is 5124 (base 6) in base 15?
507
What is -1210145 (base 6) in base 11?
-43840
What is -2a78 (base 16) in base 4?
-2221320
-4520 (base 7) to base 13
-986
What is e4 (base 15) in base 2?
11010110
What is 102001102 (base 3) in base 9?
12042
Convert 104423 (base 5) to base 12.
21b6
-7241 (base 13) to base 10
-15770
-7541 (base 12) to base 11
-9736
What is -1137 (base 8) in base 3?
-211111
What is -33101 (base 4) in base 8?
-1721
-33002 (base 5) to base 15
-a02
Convert -41341 (base 5) to base 12.
-16a9
What is -abd (base 14) in base 4?
-201033
-45b (base 14) to base 10
-865
4723 (base 8) to base 4
213103
770 (base 11) to base 13
561
What is -11021220 (base 3) in base 14?
-11d7
-17b (base 12) to base 6
-1035
Convert -101 (base 6) to base 11.
-34
What is 15114 (base 6) in base 11?
1902
What is 26111 (base 7) in base 5?
210132
Convert -3772 (base 12) to base 10.
-6278
What is 434 (base 16) in base 9?
1425
What is 225 (base 14) in base 13?
269
What is 5c66 (base 13) in base 15?
3d32
What is 21120 (base 3) in base 8?
314
What is -201323 (base 4) in base 13?
-cb0
What is 54030 (base 6) in base 11?
5593
1102110201 (base 3) to base 7
144523
2a43 (base 13) to base 9
8371
-4a41 (base 16) to base 5
-1102014
6647 (base 15) to base 7
120112
What is 203606 (base 7) in base 6?
425435
What is 244203 (base 5) in base 16?
2457
-297 (base 14) to base 4
-20031
-1228 (base 9) to base 3
-1020222
-2a1 (base 11) to base 15
-188
What is 14131 (base 5) in base 9?
1535
Convert 11805 (base 9) to base 10.
7943
79 (base 15) to base 8
162
826e (base 15) to base 10
27554
Convert 29 (base 12) to base 2.
100001
Convert 6c8a (base 14) to base 12.
ab62
-6865 (base 16) to base 5
-1323400
What is -463d (base 16) in base 7?
-103265
Convert 7713 (base 11) to base 10.
10178
Convert -211111 (base 3) to base 2.
-1001011111
Convert -84 (base 12) to base 6.
-244
What is -9ae (base 15) in base 7?
-6245
Convert 6301 (base 9) to base 14.
197c
Convert -1331 (base 5) to base 14.
-116
Convert 409 (base 14) to base 5.
11133
Convert 687 (base 10) to base 2.
1010101111
Convert -2b11 (base 15) to base 5.
-243431
Convert -1267 (base 9) to base 3.
-1022021
What is -1130 (base 8) in base 15?
-2a0
What is 3123 (base 5) in base 4?
12131
What is -7686 (base 9) in base 7?
-22344
Convert 1000101102 (base 3) to base 16.
4dfc
11101100 (base 2) to base 15
10b
5672 (base 8) to base 2
101110111010
What is -956 (base 13) in base 12?
-b08
Convert 146d (base 14) to base 8.
7051
Convert -c9f (base 16) to base 12.
-1a53
What is -345551 (base 6) in base 15?
-8c6d
-2 (base 15) to base 9
-2
What is 4ea1 (base 15) in base 14?
61a1
What is -1212012 (base 5) in base 2?
-101100011100101
-4456 (base 8) to base 2
-100100101110
Convert 2377 (base 8) to base 9.
1671
-aa1 (base 11) to base 4
-110221
What is -11210000002 (base 3) in base 14?
-263b5
What is 2625 (base 10) in base 15?
ba0
What is 20215 (base 10) in base 9?
30651
67710 (base 8) to base 15
872b
Convert 21e (base 16) to base 6.
2302
12011 (base 3) to base 4
2023
What is -420 (base 9) in base 7?
-666
Convert -273 (base 16) to base 4.
-21303
What is 4814 (base 13) in base 14?
39b7
Convert 1032 (base 9) to base 5.
11013
153 (base 7) to base 4
1113
Convert -18640 (base 9) to base 12.
-7583
What is 17057 (base 8) in base 10?
7727
-6116 (base 9) to base 2
-1000101110110
What is -2150 (base 8) in base 13?
-68a
What is 18d3 (base 14) in base 5?
120442
What is -451 (base 10) in base 4?
-13003
131234 (base 7) to base 14
8cc4
Convert 20031 (base 4) to base 2.
1000001101
Convert -10244 (base 5) to base 3.
-221220
Convert -389a (base 16) to base 13.
-6798
What is -1102 (base 12) in base 8?
-3522
Convert -14714 (base 13) to base 14.
-10097
What is -1110011010 (base 2) in base 9?
-1234
What is -2b1 (base 12) in base 3?
-120121
102230 (base 4) to base 15
54b
What is 31221 (base 6) in base 16?
105d
1799 (base 10) to base 12
105b
2000102 (base 4) to base 16
2012
Convert -2122 (base 6) to base 14.
-266
32b6 (base 16) to base 11
9832
Conv